154. Calculate n(-56).
-42
Let v(p) = -2*p**3 - 5*p**2 + 21*p + 92. Determine v(-4).
56
Let h(p) = -93*p**2 - 531*p + 166. Determine h(-6).
4
Let d(y) = 224*y**2 - 19*y + 11. Give d(1).
216
Let i(b) = 151*b + 29459. Determine i(-195).
14
Let v(b) = -b**3 + 90*b**2 - 580*b - 72. Give v(83).
11
Let q(j) = -376*j - 64289. What is q(-171)?
7
Let x(s) = s + 23. Determine x(-13).
10
Let v(k) = -57*k**2 + 6*k - 6. Determine v(1).
-57
Let m(q) = 42*q - 235. Calculate m(19).
563
Let j(v) = -7*v**2 + 190*v - 20. Give j(24).
508
Let j(k) = -184*k - 187. Calculate j(1).
-371
Let o(g) = g**2 - 17*g - 131. Determine o(22).
-21
Let r(a) = 283*a + 1207. What is r(-4)?
75
Let m(z) = 3*z**2 + 27*z - 8. Give m(-9).
-8
Let o(b) = 74*b - 430. Calculate o(5).
-60
Let w(c) = -59*c - 6196. What is w(-105)?
-1
Let d(x) = x**2 - 22*x - 156. Give d(29).
47
Let c(g) = -783*g + 8611. Calculate c(11).
-2
Let n(b) = 18*b**2 + 42*b - 178. Give n(6).
722
Let b(s) = -s**3 + 7*s**2 + 144*s - 638. Give b(14).
6
Let o(i) = 2*i**3 + 55*i**2 - 88*i - 24. What is o(-29)?
5
Let f(h) = h**3 + 89*h**2 + 987*h + 15. Calculate f(-76).
91
Let o(d) = d**3 + 5*d**2 + 121*d + 595. Give o(-5).
-10
Let p(g) = g**3 - 17*g**2 + 16*g + 25. Calculate p(10).
-515
Let o(w) = -1315*w + 10519. Give o(8).
-1
Let l(q) = 24*q + 38. Calculate l(-7).
-130
Let s(m) = -m - 17. Give s(63).
-80
Let k(g) = -7*g**3 - 13*g**2 + 5*g - 1. What is k(-4)?
219
Let l(w) = -57*w + 538. Determine l(10).
-32
Let f(r) = -298*r - 1716. Determine f(-6).
72
Let j(b) = -3*b**2 - 43*b + 142. What is j(3)?
-14
Let z(v) = v**2 - 118*v - 1053. Calculate z(126).
-45
Let l(q) = 101*q - 327. Determine l(4).
77
Let z(x) = -4*x**2 - 129*x - 33. Give z(-32).
-1
Let l(m) = -7*m**2 + 11*m + 13. Give l(2).
7
Let c(i) = 125*i + 1447. Give c(-10).
197
Let q(m) = m**3 - 96*m**2 - 1418*m + 122. What is q(109)?
13
Let r(j) = 140*j + 53. What is r(-1)?
-87
Let x(q) = -q**2 - 383*q - 7939. Give x(-22).
3
Let b(z) = 2*z**3 + z**2 - 7*z + 18. What is b(2)?
24
Let j(r) = 4*r**2 + 51*r + 128. Calculate j(-10).
18
Let o(p) = -p**2 - 59*p - 60. What is o(-1)?
-2
Let f(l) = l**3 - 36*l**2 - 116*l - 76. Determine f(39).
-37
Let w(r) = -7*r + 67. Give w(-6).
109
Let d(y) = y**2 + 19*y - 24. Give d(-22).
42
Let o(j) = -j**2 + 151*j + 59579. Determine o(-180).
-1
Let c(x) = -52*x - 15. What is c(-1)?
37
Let m(g) = -g**3 + 49*g**2 + 57*g - 358. What is m(50)?
-8
Let o(z) = -z**3 + 28*z**2 - 51*z - 8. Determine o(26).
18
Let w(u) = 54*u + 2316. Determine w(-43).
-6
Let v(t) = 23*t + 1. Calculate v(-34).
-781
Let j(v) = v**3 + 24*v**2 - 29*v + 1. What is j(-25)?
101
Let u(g) = 8*g**2 - 20*g + 44. Calculate u(2).
36
Let m(i) = 27*i**2 - 196*i - 59. Calculate m(7).
-108
Let j(d) = 59*d + 516. Determine j(-6).
162
Let s(u) = 53*u - 379. Give s(6).
-61
Let c(m) = -342*m + 97824. Give c(286).
12
Let y(k) = -8*k + 13. Calculate y(-5).
53
Let h(o) = -o**2 - 10992*o - 98853. Determine h(-9).
-6
Let l(w) = 95*w - 231. Determine l(0).
-231
Let j(u) = 57*u + 586. Calculate j(-11).
-41
Let f(q) = 2*q**3 - 24*q**2 + 31*q + 17. Calculate f(2).
-1
Let n(u) = -4*u**2 + 81*u + 122. Determine n(21).
59
Let f(k) = 53*k**2 - 6*k + 2. What is f(1)?
49
Let f(r) = -r**3 - 2*r**2 + 76*r + 344. Give f(-7).
57
Let s(a) = 35*a - 175. Determine s(4).
-35
Let t(i) = i**3 - 42*i**2 + 64*i - 946. Give t(41).
-3
Let v(k) = k**3 - 28*k**2 + 43*k - 433. Determine v(27).
-1
Let u(o) = o**3 + 10*o**2 - 127*o - 1227. Give u(-9).
-3
Let v(c) = 6*c + 48. Give v(-13).
-30
Let n(y) = -24*y**2 - 36*y - 214. Give n(-5).
-634
Let f(m) = -2*m - 69. Determine f(0).
-69
Let j(r) = 2*r**2 - 960*r + 961. What is j(1)?
3
Let h(c) = 1262*c - 6297. Determine h(5).
13
Let r(s) = -272*s + 1355. Determine r(5).
-5
Let k(s) = -18*s**2 - 358*s + 46. Determine k(-20).
6
Let t(f) = -1478*f + 7393. Calculate t(5).
3
Let w(g) = -g**3 + 8*g**2 + 40*g - 28. Calculate w(9).
251
Let o(h) = 34*h**2 - 10*h - 19. What is o(1)?
5
Let b(v) = v**2 - 30585*v - 428384. Give b(-14).
2
Let x(u) = u**2 + 48*u - 52. Calculate x(-49).
-3
Let n(j) = -2*j**3 + 23*j**2 - 5*j - 40. Calculate n(10).
210
Let q(w) = 3*w**3 - 34*w**2 + 19*w - 87. Calculate q(11).
1
Let u(c) = 9952*c - 179141. Determine u(18).
-5
Let h(y) = 21*y**2 + 75*y - 79. Determine h(1).
17
Let o(v) = -v**2 + 116*v - 2287. Give o(25).
-12
Let j(i) = -49*i - 218. Give j(-5).
27
Let f(y) = -y**3 + 3*y**2 + 19*y - 46. Give f(-4).
-10
Let p(w) = -594*w - 4805. Determine p(-8).
-53
Let g(k) = -k**3 + 2*k**2 + 141*k - 2. Determine g(-11).
20
Let q(b) = 107*b + 1505. Determine q(-14).
7
Let g(h) = -7*h - 138. Determine g(-18).
-12
Let p(z) = z**3 + 13*z**2 + 9*z - 42. Determine p(-10).
168
Let v(f) = f**2 - 29*f + 13. What is v(32)?
109
Let w(j) = -12684*j + 12679. Determine w(1).
-5
Let u(r) = -r**3 + 5*r**2 + 2*r + 8. Give u(-3).
74
Let d(h) = h**3 + 63*h**2 + 989*h + 301. Give d(-35).
-14
Let i(s) = -3*s**3 + 2*s**2 - 21*s - 24. Give i(-1).
2
Let c(q) = -33*q + 4195. What is c(127)?
4
Let l(a) = 5*a**3 - 13*a**2 - 188*a + 15. Give l(-5).
5
Let y(k) = k**2 - 40*k - 153. What is y(42)?
-69
Let v(t) = t**3 + 6*t**2 + 22*t + 35. Give v(-4).
-21
Let n(m) = -8*m - 481. Determine n(-61).
7
Let r(k) = -608*k - 11542. Calculate r(-19).
10
Let x(v) = 605*v - 3651. Give x(6).
-21
Let v(h) = -24*h**2 + 10*h - 4. Give v(1).
-18
Let j(h) = h**2 + 38*h + 291. Give j(-29).
30
Let y(t) = 117*t + 3859. Give y(-33).
-2
Let b(q) = q**2 + 736*q - 35147. Calculate b(45).
-2
Let b(i) = 2*i**3 + 19*i**2 + 6*i - 13. Calculate b(-8).
131
Let p(a) = -99*a - 1085. Determine p(-11).
4
Let o(z) = -1146*z - 11428. What is o(-10)?
32
Let d(j) = j**3 + 8*j**2 + 504*j + 4650. Determine d(-9).
33
Let y(o) = -4*o**2 + 42*o + 25. Give y(11).
3
Let j(u) = -9*u**2 - 53*u + 246. Determine j(5).
-244
Let h(u) = -12*u**3 - u**2 + 18*u + 3. What is h(4)?
-709
Let r(s) = 80*s + 536. Give r(-6).
56
Let n(o) = -6*o - 184. Give n(-29).
-10
Let o(z) = -z**3 - 76*z**2 - 482*z - 88. Calculate o(-69).
-157
Let h(n) = -132*n - 388. Calculate h(-7).
536
Let t(r) = 23*r - 628. Calculate t(27).
-7
Let a(j) = -4391*j - 4395. Determine a(-1).
-4
Let f(h) = h**3 - 9*h**2 + h + 15. What is f(4)?
-61
Let h(b) = -11*b**2 - 50*b + 8. What is h(-6)?
-88
Let z(y) = -3*y**2 - 7*y + 2. Calculate z(0).
2
Let p(c) = -2*c**3 - 38*c**2 + 43*c + 3. What is p(-20)?
-57
Let d(g) = -95*g + 852. Calculate d(9).
-3
Let v(t) = -t**2 + 63*t + 3046. Determine v(95).
6
Let k(w) = -17*w + 24. Calculate k(-7).
143
Let u(k) = -k**2 - 41*k - 127. Calculate u(-3).
-13
Let c(a) = 6*a + 183. Calculate c(-32).
-9
Let y(z) = z**2 + 226*z + 11756. Give y(-81).
11
Let q(f) = -3*f**2 - 113*f - 188. Determine q(-36).
-8
Let y(q) = -2*q**2 + 18*q + 18. Give y(13).
-86
Let y(t) = 133*t - 23544. What is y(177)?
-3
Let h(p) = 437*p - 865. Calculate h(2).
9
Let o(w) = 465*w + 5506. Calculate o(-12).
-74
Let h(a) = 7*a**2 - a - 127. What is h(-7)?
223
Let j(o) = -39*o**2 + 6*o - 12. Calculate j(0).
-12
Let d(m) = -3*m**3 - 27*m**2 + 1337*m - 195. Give d(17).
-8
Let w(u) = -u**3 - 9*u**2 + 70*u + 529. What is w(-6)?
1
Let y(r) = -10*r**2 - 193*r - 50. Give y(-19).
7
Let q(j) = -6*j**2 - 814*j + 5397. Give q(-142).
1
Let b(y) = -y**2 + 128*y - 1379. Determine b(116).
13
Let k(v) = -75*v + 433. Calculate k(3).
208
Let y(p) = p**3 + 25*p**2 - 111*p + 152. Calculate y(-29).
7
Let a(g) = -g**3 + 5*g**2 - 280*g + 1111. Give a(4).
7
Let n(u) = -u**3 - 9*u**2 - 43. Give n(-10).
57
Let h(y) = 10*y**2 + 69*y - 92. Calculate h(-8).
-4
Let m(g) = -2*g**3 - 38*g**2 + 26*g - 278. Give m(-20).
2
Let x(m) = 2*m**3 + 170*m**2 + 279*m + 9310. Calculate x(-84).
-14
Let j(h) = 2*h**3 + 7*h**2 + 3*h + 28. Calculate j(-3).
28
Let o(i) = -i**3 - 151*i**2 - 729*i + 147. Determine o(-146).
1
Let o(n) = -n**2 + 38*n - 369. What is o(22)?
-17
Let k(y) = 10*y - 152. Calculate k(8).
-72
Let l(g) = g**2 - 86*g + 172. What is l(2)?
4
Let k(d) = d**3 - 16*d**2 - 9*d + 58. Determine k(16).
-86
Let z(f) = -127*f + 127. Give z(1).
0
Let l(g) = -g**3 + 13*g**2 - 25*g + 15. Give l(10).
65
Let k(g) = 58*g + 435. Calculate k(-8).
-29
Let q(h) = 2074*h + 66353. Give q(-32).
-15
Let n(l) = 3*l**3 - 12*l**2 - 18*l + 9. Calculate n(5).
-6
Let a(c) = -7*c + 323. Give a(15).
218
Let n(m) = 20*m + 437. Give n(-24).